{"id":6956,"date":"2023-01-31T12:57:55","date_gmt":"2023-01-31T17:57:55","guid":{"rendered":"https:\/\/www.creavaltec.com\/inicio\/?post_type=product&#038;p=6956"},"modified":"2026-02-06T08:25:28","modified_gmt":"2026-02-06T13:25:28","slug":"sensor-de-presencia-para-iluminacion-esp-180-ae","status":"publish","type":"product","link":"https:\/\/www.creavaltec.com\/inicio\/tienda\/sensor-de-presencia-para-iluminacion-esp-180-ae\/","title":{"rendered":"Sensor de presencia para iluminaci\u00f3n ESP 180 AE"},"content":{"rendered":"<div class=\"z-index-4 internal-fixed-navigation\">\n<div class=\"grid-container \">\n<div class=\"navigation-sticky\">\n<div class=\"grid-x align-middle\">\n<div class=\"cell large-shrink navigation__cell-second\">\n<div class=\"mt2 mb2 \">\n<div class=\"grid-container \">\n<div class=\"mt2 mb2 \">\n<div class=\"grid-container \">\n<div class=\"mt2 mb2 \">\n<div class=\"grid-container \">\n<div class=\"mt2 mb2 \">\n<div class=\"grid-container \">\n<h6 class=\"block-template overflow-hidden\" style=\"text-align: center;\">Se utiliza para desencadenar l\u00e1mparas autom\u00e1ticas mediante la detecci\u00f3n de movimiento de personas, animales medianos y grandes transporte y objetos a trav\u00e9s de un sensor de infrarrojos que reconoce fuentes de calor. Entonces el producto combina caracter\u00edsticas de practicidad, ahorro de energ\u00eda y seguridad.<\/h6>\n<\/div>\n<\/div>\n<div class=\"mt2 mb2 \">\n<div class=\"grid-container \">\n<div class=\"block-mini-banner\" data-ga-name=\"section-mini-banner\">\n<div class=\"grid-x grid-margin-x align-middle\">\n<div class=\"cell medium-6 medium-order-2 large-offset-1\">\n<div class=\"block-mini-banner__media\">\n<figure class=\"text-center object-fit--contain\"><img decoding=\"async\" class=\"aligncenter\" src=\"https:\/\/backend.intelbras.com\/sites\/default\/files\/styles\/large\/public\/2020-02\/FlyerDigital_ESP_180_AE_01-19_01.jpg\" alt=\"FlyerDigital_ESP_180_AE_01-19_01\" \/><\/figure>\n<\/div>\n<\/div>\n<div class=\"cell medium-auto medium-order-1\">\n<div class=\"block-mini-banner__content\">\n<div class=\"mt2 mb2 \">\n<h6 class=\"weight--small-300 weight--large-200 h3\" style=\"text-align: center;\">Luces encendidas y apagadas inmediatamente el ESP 180 AE es un sensor de presencia para iluminaci\u00f3n, que enciende y apaga las luces autom\u00e1ticamente al detectar movimiento, compatible con cualquier tipo de l\u00e1mpara.<\/h6>\n<\/div>\n<\/div>\n<\/div>\n<\/div>\n<\/div>\n<\/div>\n<\/div>\n<div class=\"mt2 mb2 \">\n<div class=\"grid-container \">\n<div class=\"block-mini-banner\" data-ga-name=\"section-mini-banner\">\n<div class=\"grid-x grid-margin-x align-middle\">\n<div class=\"cell medium-6\">\n<div class=\"block-mini-banner__media\">\n<figure class=\"text-center object-fit--contain\"><img decoding=\"async\" class=\"aligncenter\" src=\"https:\/\/backend.intelbras.com\/sites\/default\/files\/styles\/large\/public\/2020-02\/FlyerDigital_ESP_180_AE_01-19_02.jpg\" alt=\"FlyerDigital_ESP_180_AE_01-19_02\" \/><\/figure>\n<\/div>\n<\/div>\n<div class=\"cell medium-auto\">\n<div class=\"block-mini-banner__content\">\n<div class=\"mt2 mb2 \">\n<h6 class=\"weight--small-300 weight--large-200 h3\" style=\"text-align: center;\">Funci\u00f3n de fotoc\u00e9lula ajusta el sensor para que active la l\u00e1mpara las 24 horas del d\u00eda o solo por la noche cuando detecte movimiento.<\/h6>\n<\/div>\n<\/div>\n<\/div>\n<\/div>\n<\/div>\n<\/div>\n<\/div>\n<div class=\"mt2 mb2 \">\n<div class=\"grid-container \">\n<div class=\"block-mini-banner\" data-ga-name=\"section-mini-banner\">\n<div class=\"grid-x grid-margin-x align-middle\">\n<div class=\"cell medium-6 medium-order-2 large-offset-1\">\n<div class=\"block-mini-banner__media\">\n<figure class=\"text-center object-fit--contain\"><img decoding=\"async\" class=\"aligncenter\" src=\"https:\/\/backend.intelbras.com\/sites\/default\/files\/styles\/large\/public\/2020-02\/FlyerDigital_ESP_180_AE_01-19_03.jpg\" alt=\"FlyerDigital_ESP_180_AE_01-19_03\" \/><\/figure>\n<p>&nbsp;<\/p>\n<\/div>\n<\/div>\n<div class=\"cell medium-auto medium-order-1\">\n<div class=\"block-mini-banner__content\">\n<div class=\"mt2 mb2 \">\n<h6 class=\"weight--small-300 weight--large-200 h3\" style=\"text-align: center;\">Control del tiempo puede configurar cu\u00e1nto tiempo permanece encendida la l\u00e1mpara despu\u00e9s de que el dispositivo detecta movimiento.<\/h6>\n<\/div>\n<\/div>\n<\/div>\n<\/div>\n<\/div>\n<\/div>\n<\/div>\n<div class=\"mt2 mb2 \">\n<div class=\"grid-container \">\n<div class=\"block-mini-banner\" data-ga-name=\"section-mini-banner\">\n<div class=\"grid-x grid-margin-x align-middle\">\n<div class=\"cell medium-6\">\n<div class=\"block-mini-banner__media\">\n<figure class=\"text-center object-fit--contain\"><img decoding=\"async\" class=\"aligncenter\" src=\"https:\/\/backend.intelbras.com\/sites\/default\/files\/styles\/large\/public\/2020-02\/FlyerDigital_ESP_180_AE_01-19_04.jpg\" alt=\"FlyerDigital_ESP_180_AE_01-19_04\" \/><\/figure>\n<\/div>\n<\/div>\n<div class=\"cell medium-auto\">\n<div class=\"block-mini-banner__content\">\n<div class=\"mt2 mb2 \">\n<h6 class=\"weight--small-300 weight--large-200 h3\" style=\"text-align: center;\">Rango de detecci\u00f3n el sensor debe instalarse a una altura m\u00ednima de 1,8 metros y una altura m\u00e1xima de 2,5 metros tiene un \u00e1ngulo de detecci\u00f3n de 180\u00b0 y tiene un alcance de hasta 12 metros.<\/h6>\n<h6 style=\"text-align: center;\">\u00bb \u00c1ngulo de detecci\u00f3n 180\u00b0<br \/>\n\u00bb Distancia m\u00e1xima de detecci\u00f3n de hasta 12 metros<br \/>\n(perpendicular a 24\u00b0C)<br \/>\n\u00bb Altura de instalaci\u00f3n de 1,8 a 2,5 m<br \/>\n\u00bb Ajuste del tiempo de activaci\u00f3n de la l\u00e1mpara de 10s \u00b13s a<br \/>\n10min \u00b12min<br \/>\n\u00bb Tiene ajuste de sensibilidad de detecci\u00f3n<br \/>\n\u00bb Voltaje Autom\u00e1tico bivolt (100 a 240 Vac)<br \/>\n\u00bb Frecuencia de red 50\/60 Hz<br \/>\n\u00bb Consumo m\u00e1ximo &lt;0.9W<br \/>\n\u00bb Regulaci\u00f3n de luminosidad (fotoc\u00e9lula) &lt;10 hasta 2.000 lux<br \/>\n\u00bb Potencia m\u00e1xima a conectar a 120V L\u00e1mparas incandescentes: 800 W<br \/>\nL\u00e1mparas econ\u00f3micas: 200 W<br \/>\n\u00bb Potencia m\u00e1xima a conectar a 220V<br \/>\n\u00bb Bombillas incandescentes: 1.200 W<br \/>\n\u00bb L\u00e1mparas econ\u00f3micas: 300 .<br \/>\n\u00bb Tipos de l\u00e1mparas compatibles Fluorescente, LED e incandescente<br \/>\n\u00bb Grado de protecci\u00f3n IP20 (interior)<\/h6>\n<\/div>\n<\/div>\n<\/div>\n<\/div>\n<\/div>\n<\/div>\n<\/div>\n<\/div>\n<\/div>\n<\/div>\n<\/div>\n<\/div>\n<\/div>\n<\/div>\n<\/div>\n<\/div>\n<\/div>\n<\/div>\n","protected":false},"excerpt":{"rendered":"<h4><span style=\"color: #008000;\">El sensor de presencia ESP 180 AE fue desarrollado para instalaci\u00f3n en la pared y tiene funci\u00f3n de fotoc\u00e9lula. Se puede instalar en ambientes <\/span><span style=\"color: #008000;\">\u00e1reas al aire libre protegidas de la intemperie, como garajes, <\/span><span style=\"color: #008000;\">marquesinas y balcones.<\/span><\/h4>\n","protected":false},"featured_media":7202,"comment_status":"closed","ping_status":"closed","template":"","meta":{"site-sidebar-layout":"default","site-content-layout":"default","ast-site-content-layout":"","site-content-style":"default","site-sidebar-style":"default","ast-global-header-display":"","ast-banner-title-visibility":"","ast-main-header-display":"","ast-hfb-above-header-display":"","ast-hfb-below-header-display":"","ast-hfb-mobile-header-display":"","site-post-title":"","ast-breadcrumbs-content":"","ast-featured-img":"","footer-sml-layout":"","theme-transparent-header-meta":"default","adv-header-id-meta":"","stick-header-meta":"","header-above-stick-meta":"","header-main-stick-meta":"","header-below-stick-meta":"","astra-migrate-meta-layouts":"default","ast-page-background-enabled":"default","ast-page-background-meta":{"desktop":{"background-color":"","background-image":"","background-repeat":"repeat","background-position":"center center","background-size":"auto","background-attachment":"scroll","background-type":"","background-media":"","overlay-type":"","overlay-color":"","overlay-opacity":"","overlay-gradient":""},"tablet":{"background-color":"","background-image":"","background-repeat":"repeat","background-position":"center center","background-size":"auto","background-attachment":"scroll","background-type":"","background-media":"","overlay-type":"","overlay-color":"","overlay-opacity":"","overlay-gradient":""},"mobile":{"background-color":"","background-image":"","background-repeat":"repeat","background-position":"center center","background-size":"auto","background-attachment":"scroll","background-type":"","background-media":"","overlay-type":"","overlay-color":"","overlay-opacity":"","overlay-gradient":""}},"ast-content-background-meta":{"desktop":{"background-color":"var(--ast-global-color-5)","background-image":"","background-repeat":"repeat","background-position":"center center","background-size":"auto","background-attachment":"scroll","background-type":"","background-media":"","overlay-type":"","overlay-color":"","overlay-opacity":"","overlay-gradient":""},"tablet":{"background-color":"var(--ast-global-color-5)","background-image":"","background-repeat":"repeat","background-position":"center center","background-size":"auto","background-attachment":"scroll","background-type":"","background-media":"","overlay-type":"","overlay-color":"","overlay-opacity":"","overlay-gradient":""},"mobile":{"background-color":"var(--ast-global-color-5)","background-image":"","background-repeat":"repeat","background-position":"center center","background-size":"auto","background-attachment":"scroll","background-type":"","background-media":"","overlay-type":"","overlay-color":"","overlay-opacity":"","overlay-gradient":""}}},"product_brand":[],"product_cat":[221],"product_tag":[],"class_list":{"0":"post-6956","1":"product","2":"type-product","3":"status-publish","4":"has-post-thumbnail","6":"product_cat-iluminacion-fuentes-cerraduras","7":"desktop-align-left","8":"tablet-align-left","9":"mobile-align-left","11":"first","12":"instock","13":"taxable","14":"shipping-taxable","15":"purchasable","16":"product-type-simple"},"jetpack_sharing_enabled":true,"_links":{"self":[{"href":"https:\/\/www.creavaltec.com\/inicio\/wp-json\/wp\/v2\/product\/6956","targetHints":{"allow":["GET"]}}],"collection":[{"href":"https:\/\/www.creavaltec.com\/inicio\/wp-json\/wp\/v2\/product"}],"about":[{"href":"https:\/\/www.creavaltec.com\/inicio\/wp-json\/wp\/v2\/types\/product"}],"replies":[{"embeddable":true,"href":"https:\/\/www.creavaltec.com\/inicio\/wp-json\/wp\/v2\/comments?post=6956"}],"version-history":[{"count":4,"href":"https:\/\/www.creavaltec.com\/inicio\/wp-json\/wp\/v2\/product\/6956\/revisions"}],"predecessor-version":[{"id":7382,"href":"https:\/\/www.creavaltec.com\/inicio\/wp-json\/wp\/v2\/product\/6956\/revisions\/7382"}],"wp:featuredmedia":[{"embeddable":true,"href":"https:\/\/www.creavaltec.com\/inicio\/wp-json\/wp\/v2\/media\/7202"}],"wp:attachment":[{"href":"https:\/\/www.creavaltec.com\/inicio\/wp-json\/wp\/v2\/media?parent=6956"}],"wp:term":[{"taxonomy":"product_brand","embeddable":true,"href":"https:\/\/www.creavaltec.com\/inicio\/wp-json\/wp\/v2\/product_brand?post=6956"},{"taxonomy":"product_cat","embeddable":true,"href":"https:\/\/www.creavaltec.com\/inicio\/wp-json\/wp\/v2\/product_cat?post=6956"},{"taxonomy":"product_tag","embeddable":true,"href":"https:\/\/www.creavaltec.com\/inicio\/wp-json\/wp\/v2\/product_tag?post=6956"}],"curies":[{"name":"wp","href":"https:\/\/api.w.org\/{rel}","templated":true}]}}