{"id":6909,"date":"2023-01-30T16:31:28","date_gmt":"2023-01-30T21:31:28","guid":{"rendered":"https:\/\/www.creavaltec.com\/inicio\/?post_type=product&#038;p=6909"},"modified":"2024-10-15T17:29:15","modified_gmt":"2024-10-15T22:29:15","slug":"luz-de-emergencia-autonoma-lde-30l-2","status":"publish","type":"product","link":"https:\/\/www.creavaltec.com\/inicio\/tienda\/luz-de-emergencia-autonoma-lde-30l-2\/","title":{"rendered":"Luz de emergencia aut\u00f3noma LDE 30L"},"content":{"rendered":"<h6 style=\"text-align: center;\">La luminaria de emergencia LDE 30L est\u00e1 fabricada con tecnolog\u00eda LED, lo que permite un alto rendimiento lum\u00ednico asociado a un bajo consumo energ\u00e9tico, bajo rendimiento calor\u00edfico y alta durabilidad.\u00a0F\u00e1cil de instalar y operar, se enciende autom\u00e1ticamente cuando hay un corte de energ\u00eda, brindando seguridad y comodidad.<\/h6>\n<p><img fetchpriority=\"high\" decoding=\"async\" class=\"aligncenter\" src=\"https:\/\/backend.intelbras.com\/sites\/default\/files\/2019-04\/lde_30k_persp_dir_cima%20.png\" alt=\"lde_30k_persp_dir_cima\" width=\"355\" height=\"355\" \/><\/p>\n<h6 style=\"text-align: center;\">\u00bb Bajo consumo de energ\u00eda.<br \/>\n\u00bb Tecla de selecci\u00f3n de intensidad luminosa (m\u00e1xima o m\u00ednima).<br \/>\n\u00bb Luz blanca de 6500 K.<br \/>\n\u00bb Material del gabinete en pl\u00e1stico con lente acr\u00edlico.<br \/>\n\u00bb LED indicador de carga de la bater\u00eda.<\/h6>\n","protected":false},"excerpt":{"rendered":"<h4><span style=\"color: #008000;\">La luminaria de emergencia LDE 30L cuenta con tecnolog\u00eda LED, para <\/span><span style=\"color: #008000;\">iluminaci\u00f3n de bajo consumo energ\u00e9tico, baja emisi\u00f3n de <\/span><span style=\"color: #008000;\">calor y alta durabilidad.<\/span><br \/>\n<span style=\"color: #008000;\">\u00bb Ideal para ambientes de hasta 30m\u00b2<\/span><br \/>\n<span style=\"color: #008000;\">\u00bb Autonom\u00eda de hasta 6 horas<\/span><\/h4>\n<h4><span style=\"color: #008000;\">\u00bb<\/span><span style=\"color: #008000;\"> Bater\u00eda de Litio<\/span><br \/>\n<span style=\"color: #008000;\">\u00bb Bot\u00f3n de prueba<\/span><\/h4>\n<h4><span style=\"color: #008000;\">\u00bb<\/span><span style=\"color: #008000;\"> Selector<\/span><\/h4>\n<h4><span style=\"color: #008000;\">\u00bb<\/span><span style=\"color: #008000;\"> Sistema antirrobo<\/span><br \/>\n<span style=\"color: #008000;\">\u00bb Kit de instalaci\u00f3n completo<\/span><\/h4>\n","protected":false},"featured_media":7275,"comment_status":"closed","ping_status":"closed","template":"","meta":{"site-sidebar-layout":"default","site-content-layout":"default","ast-site-content-layout":"","site-content-style":"default","site-sidebar-style":"default","ast-global-header-display":"","ast-banner-title-visibility":"","ast-main-header-display":"","ast-hfb-above-header-display":"","ast-hfb-below-header-display":"","ast-hfb-mobile-header-display":"","site-post-title":"","ast-breadcrumbs-content":"","ast-featured-img":"","footer-sml-layout":"","theme-transparent-header-meta":"default","adv-header-id-meta":"","stick-header-meta":"","header-above-stick-meta":"","header-main-stick-meta":"","header-below-stick-meta":"","astra-migrate-meta-layouts":"default","ast-page-background-enabled":"default","ast-page-background-meta":{"desktop":{"background-color":"","background-image":"","background-repeat":"repeat","background-position":"center center","background-size":"auto","background-attachment":"scroll","background-type":"","background-media":"","overlay-type":"","overlay-color":"","overlay-opacity":"","overlay-gradient":""},"tablet":{"background-color":"","background-image":"","background-repeat":"repeat","background-position":"center center","background-size":"auto","background-attachment":"scroll","background-type":"","background-media":"","overlay-type":"","overlay-color":"","overlay-opacity":"","overlay-gradient":""},"mobile":{"background-color":"","background-image":"","background-repeat":"repeat","background-position":"center center","background-size":"auto","background-attachment":"scroll","background-type":"","background-media":"","overlay-type":"","overlay-color":"","overlay-opacity":"","overlay-gradient":""}},"ast-content-background-meta":{"desktop":{"background-color":"var(--ast-global-color-5)","background-image":"","background-repeat":"repeat","background-position":"center center","background-size":"auto","background-attachment":"scroll","background-type":"","background-media":"","overlay-type":"","overlay-color":"","overlay-opacity":"","overlay-gradient":""},"tablet":{"background-color":"var(--ast-global-color-5)","background-image":"","background-repeat":"repeat","background-position":"center center","background-size":"auto","background-attachment":"scroll","background-type":"","background-media":"","overlay-type":"","overlay-color":"","overlay-opacity":"","overlay-gradient":""},"mobile":{"background-color":"var(--ast-global-color-5)","background-image":"","background-repeat":"repeat","background-position":"center center","background-size":"auto","background-attachment":"scroll","background-type":"","background-media":"","overlay-type":"","overlay-color":"","overlay-opacity":"","overlay-gradient":""}}},"product_brand":[],"product_cat":[221],"product_tag":[],"class_list":{"0":"post-6909","1":"product","2":"type-product","3":"status-publish","4":"has-post-thumbnail","6":"product_cat-iluminacion-fuentes-cerraduras","7":"desktop-align-left","8":"tablet-align-left","9":"mobile-align-left","11":"first","12":"instock","13":"taxable","14":"shipping-taxable","15":"purchasable","16":"product-type-simple"},"jetpack_sharing_enabled":true,"_links":{"self":[{"href":"https:\/\/www.creavaltec.com\/inicio\/wp-json\/wp\/v2\/product\/6909","targetHints":{"allow":["GET"]}}],"collection":[{"href":"https:\/\/www.creavaltec.com\/inicio\/wp-json\/wp\/v2\/product"}],"about":[{"href":"https:\/\/www.creavaltec.com\/inicio\/wp-json\/wp\/v2\/types\/product"}],"replies":[{"embeddable":true,"href":"https:\/\/www.creavaltec.com\/inicio\/wp-json\/wp\/v2\/comments?post=6909"}],"version-history":[{"count":5,"href":"https:\/\/www.creavaltec.com\/inicio\/wp-json\/wp\/v2\/product\/6909\/revisions"}],"predecessor-version":[{"id":7273,"href":"https:\/\/www.creavaltec.com\/inicio\/wp-json\/wp\/v2\/product\/6909\/revisions\/7273"}],"wp:featuredmedia":[{"embeddable":true,"href":"https:\/\/www.creavaltec.com\/inicio\/wp-json\/wp\/v2\/media\/7275"}],"wp:attachment":[{"href":"https:\/\/www.creavaltec.com\/inicio\/wp-json\/wp\/v2\/media?parent=6909"}],"wp:term":[{"taxonomy":"product_brand","embeddable":true,"href":"https:\/\/www.creavaltec.com\/inicio\/wp-json\/wp\/v2\/product_brand?post=6909"},{"taxonomy":"product_cat","embeddable":true,"href":"https:\/\/www.creavaltec.com\/inicio\/wp-json\/wp\/v2\/product_cat?post=6909"},{"taxonomy":"product_tag","embeddable":true,"href":"https:\/\/www.creavaltec.com\/inicio\/wp-json\/wp\/v2\/product_tag?post=6909"}],"curies":[{"name":"wp","href":"https:\/\/api.w.org\/{rel}","templated":true}]}}