{"id":6795,"date":"2023-01-24T10:26:39","date_gmt":"2023-01-24T15:26:39","guid":{"rendered":"https:\/\/www.creavaltec.com\/inicio\/?post_type=product&#038;p=6795"},"modified":"2025-05-08T14:55:39","modified_gmt":"2025-05-08T19:55:39","slug":"fuente-de-alimentacion-ac-dc-colmena-12v-3a-efm-1203","status":"publish","type":"product","link":"https:\/\/www.creavaltec.com\/inicio\/tienda\/fuente-de-alimentacion-ac-dc-colmena-12v-3a-efm-1203\/","title":{"rendered":"Fuente de alimentaci\u00f3n AC\/DC colmena 12V &#8211; 3A EFM 1203"},"content":{"rendered":"<div class=\"mt2 mb2 \">\n<div class=\"grid-container \">\n<div class=\"block-mini-banner\" data-ga-name=\"section-mini-banner\">\n<div class=\"grid-x grid-margin-x align-middle\">\n<div class=\"cell medium-auto medium-order-1\">\n<div class=\"block-mini-banner__content\">\n<div class=\"mt2 mb2 \">\n<div class=\"z-index-4 internal-fixed-navigation\">\n<div class=\"grid-container \">\n<div class=\"navigation-sticky\">\n<div class=\"grid-x align-middle\">\n<div class=\"cell large-shrink navigation__cell-second\">\n<div class=\"navigation__cell-second-container\">\n<div class=\"mt2 mb2 \">\n<div class=\"mt2 mb2 \">\n<div class=\"grid-container \">\n<div class=\"calculator__external\">\n<div class=\"pt2 pb2 pl3 pr3\">\n<div class=\"grid-x align-middle\">\n<div class=\"cell small-12 large-2\">\n<div class=\"mt2 mb2 \">\n<div class=\"grid-container \">\n<div class=\"calculator__external\">\n<div class=\"pt2 pb2 pl3 pr3\">\n<div class=\"grid-x align-middle\">\n<div class=\"mt2 mb2 \">\n<div class=\"grid-container \">\n<div class=\"calculator__external\">\n<div class=\"pt2 pb2 pl3 pr3\">\n<div class=\"grid-x align-middle\">\n<div class=\"mt2 mb2 \">\n<div class=\"grid-container \">\n<div class=\"calculator__external\">\n<div class=\"pt2 pb2 pl3 pr3\">\n<div class=\"grid-x align-middle\">\n<div class=\"mt2 mb2 \">\n<div class=\"grid-container \">\n<div class=\"calculator__external\">\n<div class=\"pt2 pb2 pl3 pr3\">\n<div class=\"grid-x align-middle\">\n<div class=\"cell small-12 large-2\">\n<div class=\"mt2 mb2 \">\n<div class=\"grid-container \">\n<div class=\"calculator__external\">\n<div class=\"pt2 pb2 pl3 pr3\">\n<div class=\"grid-x align-middle\">\n<h6 class=\"cell small-12 large-2\" style=\"text-align: center;\">La fuente de alimentaci\u00f3n AC\/DC Intelbras modelo EFM 1203 tiene entrada autom\u00e1tica de 100 a 240 Vac, sin necesidad de seleccionar un interruptor de voltaje de entrada, con filtro especial contra ruido y protecci\u00f3n contra sobretensiones y sobrecorriente el\u00e9ctrico.<\/h6>\n<\/div>\n<\/div>\n<\/div>\n<\/div>\n<\/div>\n<div class=\"mt2 mb2 \">\n<div class=\"grid-container \">\n<div class=\"block-mini-banner\" data-ga-name=\"section-mini-banner\">\n<div class=\"grid-x grid-margin-x align-middle\">\n<div class=\"cell medium-6 medium-order-2 large-offset-1\">\n<div class=\"block-mini-banner__media\">\n<figure class=\"text-center object-fit--contain\"><img decoding=\"async\" class=\"aligncenter\" src=\"https:\/\/backend.intelbras.com\/sites\/default\/files\/styles\/large\/public\/2020-08\/FlyerDigital_EFM_1203_01-19_01.jpg\" alt=\"Instala\u00e7\u00e3o sem complica\u00e7\u00f5es\" \/><\/figure>\n<\/div>\n<\/div>\n<div class=\"cell medium-auto medium-order-1\">\n<div class=\"block-mini-banner__content\">\n<div class=\"mt2 mb2 \">\n<h6 class=\"weight--small-300 weight--large-200 h3\" style=\"text-align: center;\">Instalaci\u00f3n sin problemas<\/h6>\n<\/div>\n<div class=\"text text--300\">\n<div class=\"block-template overflow-hidden\">\n<h6 style=\"text-align: center;\">El EFM 1203 permite la conexi\u00f3n de c\u00e1maras CCTV directamente a la fuente y puede fijarse a la pared o carril DIN en racks.<\/h6>\n<\/div>\n<\/div>\n<\/div>\n<\/div>\n<\/div>\n<\/div>\n<\/div>\n<\/div>\n<div class=\"mt2 mb2 \">\n<div class=\"grid-container \">\n<div class=\"block-mini-banner\" data-ga-name=\"section-mini-banner\">\n<div class=\"grid-x grid-margin-x align-middle\">\n<div class=\"cell medium-6\">\n<div class=\"block-mini-banner__media\">\n<figure class=\"text-center object-fit--contain\"><img decoding=\"async\" class=\"aligncenter\" src=\"https:\/\/backend.intelbras.com\/sites\/default\/files\/styles\/large\/public\/2020-08\/FlyerDigital_EFM_1203_01-19_02.jpg\" alt=\"Fornece energia para at\u00e9 10 c\u00e2meras HD\" \/><\/figure>\n<\/div>\n<\/div>\n<div class=\"cell medium-auto\">\n<div class=\"block-mini-banner__content\">\n<div class=\"text text--300\">\n<div class=\"block-template overflow-hidden\">\n<h6 style=\"text-align: center;\">La fuente EFM 1203 es capaz de alimentar hasta 10 c\u00e1maras HD\u00b9 y las salidas con terminales permiten conectar m\u00e1s de un dispositivo directamente a la fuente. *Considerando c\u00e1maras con consumo de 300 mA.<\/h6>\n<h6 style=\"text-align: center;\"><em>\u00a0\u00b9 Recomendamos utilizar cables UTP de calidad y una distancia de hasta 150 metros para cada c\u00e1mara.<\/em><\/h6>\n<\/div>\n<\/div>\n<\/div>\n<\/div>\n<\/div>\n<\/div>\n<\/div>\n<\/div>\n<div class=\"mt2 mb2 \">\n<div class=\"grid-container \">\n<div class=\"block-mini-banner\" data-ga-name=\"section-mini-banner\">\n<div class=\"grid-x grid-margin-x align-middle\">\n<div class=\"cell medium-6 medium-order-2 large-offset-1\">\n<div class=\"block-mini-banner__media\">\n<figure class=\"text-center object-fit--contain\"><img decoding=\"async\" class=\"aligncenter\" src=\"https:\/\/backend.intelbras.com\/sites\/default\/files\/styles\/large\/public\/2020-08\/FlyerDigital_EFM_1203_01-19_03.jpg\" alt=\"Prote\u00e7\u00e3o contra curto-circuito\" \/><\/figure>\n<\/div>\n<\/div>\n<div class=\"cell medium-auto medium-order-1\">\n<div class=\"block-mini-banner__content\">\n<div class=\"mt2 mb2 \">\n<h6 class=\"weight--small-300 weight--large-200 h3\" style=\"text-align: center;\">Protecci\u00f3n contra cortocircuito, sobrecarga y sobretensi\u00f3n<\/h6>\n<\/div>\n<div class=\"text text--300\">\n<div class=\"block-template overflow-hidden\">\n<h6 style=\"text-align: center;\">Previene da\u00f1os por fallas el\u00e9ctricas, problemas causados \u200b\u200bpor rayos, adem\u00e1s de filtrar ruidos e interferencias en la imagen.<\/h6>\n<\/div>\n<\/div>\n<\/div>\n<\/div>\n<\/div>\n<\/div>\n<\/div>\n<\/div>\n<div class=\"mt2 mb2 \">\n<div class=\"grid-container \">\n<div class=\"block-mini-banner\" data-ga-name=\"section-mini-banner\">\n<div class=\"grid-x grid-margin-x align-middle\">\n<div class=\"cell medium-6\">\n<div class=\"block-mini-banner__media\">\n<figure class=\"text-center object-fit--contain\"><img decoding=\"async\" class=\"aligncenter\" src=\"https:\/\/backend.intelbras.com\/sites\/default\/files\/styles\/large\/public\/2020-08\/FlyerDigital_EFM_1203_01-19_04.jpg\" alt=\"Perda de tens\u00e3o n\u00e3o \u00e9 mais problema\" \/><\/figure>\n<\/div>\n<\/div>\n<div class=\"cell medium-auto\">\n<div class=\"block-mini-banner__content\">\n<div class=\"mt2 mb2 \">\n<h6 class=\"weight--small-300 weight--large-200 h3\" style=\"text-align: center;\">La p\u00e9rdida de voltaje ya no es un problema<\/h6>\n<\/div>\n<div class=\"text text--300\">\n<div class=\"block-template overflow-hidden\">\n<h6 style=\"text-align: center;\">El EFM 1203 tiene un voltaje de salida ajustable entre 11,5 y 13,8 Vdc, lo que garantiza el funcionamiento de las c\u00e1maras de CCTV incluso cuando se instalan a mayores distancias.<\/h6>\n<p>&nbsp;<\/p>\n<h6 style=\"text-align: center;\">\u00bb Filtro anti-ruido para im\u00e1genes m\u00e1s claras y sin ruido<br \/>\ninterferencias<br \/>\n\u00bb Alimenta hasta 10 c\u00e1maras HD*<br \/>\n\u00bb Multiprop\u00f3sito: CCTV, redes, control de acceso, automatizaci\u00f3n, cintas<br \/>\nLED, sonido automotriz, entre otras aplicaciones de 12V.<br \/>\n\u00bb Tensi\u00f3n de salida ajustable entre 11,5 y 13,8 Vdc para<br \/>\ncompensar la p\u00e9rdida de cableado y distancias m\u00e1s largas<br \/>\n\u00bb Protecci\u00f3n total contra sobretensiones, sobrecargas y sobrecorrientes<br \/>\n\u00bb Salida con terminales para conectar m\u00e1s de un dispositivo<br \/>\ndirectamente en la fuente<\/h6>\n<\/div>\n<\/div>\n<\/div>\n<\/div>\n<\/div>\n<\/div>\n<\/div>\n<\/div>\n<\/div>\n<\/div>\n<\/div>\n<\/div>\n<\/div>\n<\/div>\n<\/div>\n<\/div>\n<\/div>\n<\/div>\n<\/div>\n<\/div>\n<\/div>\n<\/div>\n<\/div>\n<\/div>\n<\/div>\n<\/div>\n<\/div>\n<\/div>\n<\/div>\n<\/div>\n<\/div>\n<\/div>\n<\/div>\n<\/div>\n<\/div>\n<\/div>\n<\/div>\n<\/div>\n<\/div>\n<\/div>\n<\/div>\n<\/div>\n<\/div>\n<\/div>\n<\/div>\n<\/div>\n<\/div>\n<\/div>\n<\/div>\n","protected":false},"excerpt":{"rendered":"<h5><span style=\"color: #008000;\">La fuente EFM 1210 est\u00e1 dise\u00f1ada para dispositivos 12V con consumo de hasta 3A. Dispone de protecci\u00f3n contra cortocircuito y sobrecarga, previniendo da\u00f1os resultantes de fallas el\u00e9ctricas, y contra sobretensi\u00f3n, para evitar o minimizar problemas causados \u200b\u200bpor rayos o maniobras de la red de distribuci\u00f3n el\u00e9ctrica. Adem\u00e1s, tiene filtro contra ruido e interferencias en la imagen.<\/span><br \/>\n<span style=\"color: #333333;\"><strong>Multiprop\u00f3sito:<\/strong> CCTV, redes, control de acceso, automatizaci\u00f3n, cintas LED, sonido automotriz, entre otras aplicaciones de 12V<\/span><\/h5>\n<h5 style=\"text-align: left;\"><\/h5>\n","protected":false},"featured_media":7350,"comment_status":"closed","ping_status":"closed","template":"","meta":{"site-sidebar-layout":"default","site-content-layout":"default","ast-site-content-layout":"","site-content-style":"default","site-sidebar-style":"default","ast-global-header-display":"","ast-banner-title-visibility":"","ast-main-header-display":"","ast-hfb-above-header-display":"","ast-hfb-below-header-display":"","ast-hfb-mobile-header-display":"","site-post-title":"","ast-breadcrumbs-content":"","ast-featured-img":"","footer-sml-layout":"","theme-transparent-header-meta":"default","adv-header-id-meta":"","stick-header-meta":"","header-above-stick-meta":"","header-main-stick-meta":"","header-below-stick-meta":"","astra-migrate-meta-layouts":"default","ast-page-background-enabled":"default","ast-page-background-meta":{"desktop":{"background-color":"","background-image":"","background-repeat":"repeat","background-position":"center center","background-size":"auto","background-attachment":"scroll","background-type":"","background-media":"","overlay-type":"","overlay-color":"","overlay-opacity":"","overlay-gradient":""},"tablet":{"background-color":"","background-image":"","background-repeat":"repeat","background-position":"center center","background-size":"auto","background-attachment":"scroll","background-type":"","background-media":"","overlay-type":"","overlay-color":"","overlay-opacity":"","overlay-gradient":""},"mobile":{"background-color":"","background-image":"","background-repeat":"repeat","background-position":"center center","background-size":"auto","background-attachment":"scroll","background-type":"","background-media":"","overlay-type":"","overlay-color":"","overlay-opacity":"","overlay-gradient":""}},"ast-content-background-meta":{"desktop":{"background-color":"var(--ast-global-color-5)","background-image":"","background-repeat":"repeat","background-position":"center center","background-size":"auto","background-attachment":"scroll","background-type":"","background-media":"","overlay-type":"","overlay-color":"","overlay-opacity":"","overlay-gradient":""},"tablet":{"background-color":"var(--ast-global-color-5)","background-image":"","background-repeat":"repeat","background-position":"center center","background-size":"auto","background-attachment":"scroll","background-type":"","background-media":"","overlay-type":"","overlay-color":"","overlay-opacity":"","overlay-gradient":""},"mobile":{"background-color":"var(--ast-global-color-5)","background-image":"","background-repeat":"repeat","background-position":"center center","background-size":"auto","background-attachment":"scroll","background-type":"","background-media":"","overlay-type":"","overlay-color":"","overlay-opacity":"","overlay-gradient":""}}},"product_brand":[],"product_cat":[221],"product_tag":[],"class_list":{"0":"post-6795","1":"product","2":"type-product","3":"status-publish","4":"has-post-thumbnail","6":"product_cat-iluminacion-fuentes-cerraduras","7":"desktop-align-left","8":"tablet-align-left","9":"mobile-align-left","11":"first","12":"instock","13":"taxable","14":"shipping-taxable","15":"purchasable","16":"product-type-simple"},"jetpack_sharing_enabled":true,"_links":{"self":[{"href":"https:\/\/www.creavaltec.com\/inicio\/wp-json\/wp\/v2\/product\/6795","targetHints":{"allow":["GET"]}}],"collection":[{"href":"https:\/\/www.creavaltec.com\/inicio\/wp-json\/wp\/v2\/product"}],"about":[{"href":"https:\/\/www.creavaltec.com\/inicio\/wp-json\/wp\/v2\/types\/product"}],"replies":[{"embeddable":true,"href":"https:\/\/www.creavaltec.com\/inicio\/wp-json\/wp\/v2\/comments?post=6795"}],"version-history":[{"count":6,"href":"https:\/\/www.creavaltec.com\/inicio\/wp-json\/wp\/v2\/product\/6795\/revisions"}],"predecessor-version":[{"id":7395,"href":"https:\/\/www.creavaltec.com\/inicio\/wp-json\/wp\/v2\/product\/6795\/revisions\/7395"}],"wp:featuredmedia":[{"embeddable":true,"href":"https:\/\/www.creavaltec.com\/inicio\/wp-json\/wp\/v2\/media\/7350"}],"wp:attachment":[{"href":"https:\/\/www.creavaltec.com\/inicio\/wp-json\/wp\/v2\/media?parent=6795"}],"wp:term":[{"taxonomy":"product_brand","embeddable":true,"href":"https:\/\/www.creavaltec.com\/inicio\/wp-json\/wp\/v2\/product_brand?post=6795"},{"taxonomy":"product_cat","embeddable":true,"href":"https:\/\/www.creavaltec.com\/inicio\/wp-json\/wp\/v2\/product_cat?post=6795"},{"taxonomy":"product_tag","embeddable":true,"href":"https:\/\/www.creavaltec.com\/inicio\/wp-json\/wp\/v2\/product_tag?post=6795"}],"curies":[{"name":"wp","href":"https:\/\/api.w.org\/{rel}","templated":true}]}}