{"id":6756,"date":"2023-01-13T09:58:40","date_gmt":"2023-01-13T14:58:40","guid":{"rendered":"https:\/\/www.creavaltec.com\/inicio\/?post_type=product&#038;p=6756"},"modified":"2026-04-16T14:26:57","modified_gmt":"2026-04-16T19:26:57","slug":"fuente-de-alimentacion-ac-dc-12v-1a-sin-enchufe-ef-1201","status":"publish","type":"product","link":"https:\/\/www.creavaltec.com\/inicio\/tienda\/fuente-de-alimentacion-ac-dc-12v-1a-sin-enchufe-ef-1201\/","title":{"rendered":"Fuente de alimentaci\u00f3n AC\/DC 12V &#8211; 1A sin enchufe EF 1201+"},"content":{"rendered":"<div class=\"mt2 mb2 \">\n<div class=\"grid-container \">\n<div class=\"block-mini-banner\" data-ga-name=\"section-mini-banner\">\n<div class=\"grid-x grid-margin-x align-middle\">\n<div class=\"cell medium-auto medium-order-1\">\n<div class=\"block-mini-banner__content\">\n<div class=\"mt2 mb2 \">\n<div class=\"z-index-4 internal-fixed-navigation\">\n<div class=\"grid-container \">\n<div class=\"navigation-sticky\">\n<div class=\"grid-x align-middle\">\n<div class=\"cell large-shrink navigation__cell-second\">\n<div class=\"navigation__cell-second-container\">\n<div class=\"mt2 mb2 \">\n<div class=\"mt2 mb2 \">\n<div class=\"grid-container \">\n<div class=\"calculator__external\">\n<div class=\"pt2 pb2 pl3 pr3\">\n<div class=\"grid-x align-middle\">\n<div class=\"cell small-12 large-2\">\n<div class=\"mt2 mb2 \">\n<div class=\"grid-container \">\n<div class=\"calculator__external\">\n<div class=\"pt2 pb2 pl3 pr3\">\n<div class=\"grid-x align-middle\">\n<h6 class=\"cell small-12 large-2\" style=\"text-align: center;\">La fuente de alimentaci\u00f3n AC\/DC Intelbras modelo EF 1201+, tiene entrada autom\u00e1tico de 100 Vac a 240 Vac, no requiere selecci\u00f3n de interruptor, tensi\u00f3n de entrada, con filtro especial contra ruido y con protecci\u00f3n contra sobretensiones y sobrecorriente de la red el\u00e9ctrica.<\/h6>\n<\/div>\n<\/div>\n<\/div>\n<\/div>\n<\/div>\n<div class=\"mt2 mb2 \">\n<div class=\"grid-container \">\n<div class=\"block-mini-banner\" data-ga-name=\"section-mini-banner\">\n<div class=\"grid-x grid-margin-x align-middle\">\n<div class=\"cell medium-6 medium-order-2 large-offset-1\">\n<div class=\"block-mini-banner__media\">\n<figure class=\"text-center object-fit--contain\"><img decoding=\"async\" class=\"aligncenter\" src=\"https:\/\/backend.intelbras.com\/sites\/default\/files\/styles\/large\/public\/2019-08\/FlyerDigital_EF_1201_%2B_01-19_01.jpg\" alt=\"FlyerDigital_EF_1201_+_01-19_01\" \/><\/figure>\n<\/div>\n<\/div>\n<div class=\"cell medium-auto medium-order-1\">\n<div class=\"block-mini-banner__content\">\n<div class=\"mt2 mb2 \">\n<h6 class=\"weight--small-300 weight--large-200 h3\" style=\"text-align: center;\">Flexibilidad de instalaci\u00f3n con un formato ideal para su instalaci\u00f3n en cajas 4\u00d72, el EF 1201+ alimenta c\u00e1maras CCTV, routers, videoporteros y tiras LED, el<span style=\"font-size: 16px;\">\u00a0EF 1201+ viene con el voltaje de salida <\/span><span style=\"font-size: 16px;\">Vdc regulado a 12,8 V, compensando posibles p\u00e9rdidas en instalaciones con distancias de cableado m\u00e1s largas.<\/span><\/h6>\n<\/div>\n<\/div>\n<\/div>\n<\/div>\n<\/div>\n<\/div>\n<\/div>\n<div class=\"mt2 mb2 \">\n<div class=\"grid-container \">\n<div class=\"block-mini-banner\" data-ga-name=\"section-mini-banner\">\n<div class=\"grid-x grid-margin-x align-middle\">\n<div class=\"cell medium-6\">\n<div class=\"block-mini-banner__media\">\n<figure class=\"text-center object-fit--contain\"><img decoding=\"async\" class=\"aligncenter\" src=\"https:\/\/backend.intelbras.com\/sites\/default\/files\/styles\/large\/public\/2019-08\/FlyerDigital_EF_1201_%2B_01-19_02.jpg\" alt=\"FlyerDigital_EF_1201_+_01-19_02\" \/><\/figure>\n<p>&nbsp;<\/p>\n<\/div>\n<\/div>\n<div class=\"cell medium-auto\">\n<div class=\"block-mini-banner__content\">\n<div class=\"mt2 mb2 \">\n<h6 class=\"weight--small-300 weight--large-200 h3\" style=\"text-align: center;\">Proporciona energ\u00eda para hasta 4 c\u00e1maras HD con un consumo m\u00e1ximo de 250 mA, <span style=\"font-size: 16px;\">Intelbras garantiza la garant\u00eda del producto incluso si se corta el conector P4, r<\/span>ecomendamos utilizar cables de calidad con una longitud de hasta 150 metros para cada c\u00e1mara.<\/h6>\n<\/div>\n<\/div>\n<\/div>\n<\/div>\n<\/div>\n<\/div>\n<\/div>\n<div class=\"mt2 mb2 \">\n<div class=\"grid-container \">\n<div class=\"block-mini-banner\" data-ga-name=\"section-mini-banner\">\n<div class=\"grid-x grid-margin-x align-middle\">\n<div class=\"cell medium-6 medium-order-2 large-offset-1\">\n<div class=\"block-mini-banner__media\">\n<figure class=\"text-center object-fit--contain\"><img decoding=\"async\" class=\"aligncenter\" src=\"https:\/\/backend.intelbras.com\/sites\/default\/files\/styles\/large\/public\/2019-08\/FlyerDigital_EF_1201_%2B_01-19_03.jpg\" alt=\"FlyerDigital_EF_1201_+_01-19_03\" \/><\/figure>\n<\/div>\n<\/div>\n<div class=\"cell medium-auto medium-order-1\">\n<div class=\"block-mini-banner__content\">\n<div class=\"mt2 mb2 \">\n<h6 class=\"weight--small-300 weight--large-200 h3\" style=\"text-align: center;\">Protecci\u00f3n contra cortocircuito, sobrecarga y sobretensi\u00f3n previene da\u00f1os por fallas el\u00e9ctricas, problemas causados \u200b\u200bpor rayos y tiene filtro contra ruidos e interferencias en la imagen.<\/h6>\n<\/div>\n<\/div>\n<\/div>\n<\/div>\n<\/div>\n<\/div>\n<\/div>\n<div class=\"mt2 mb2 \">\n<div class=\"grid-container \">\n<div class=\"block-mini-banner\" data-ga-name=\"section-mini-banner\">\n<div class=\"grid-x grid-margin-x align-middle\">\n<div class=\"cell medium-6\">\n<div class=\"block-mini-banner__media\">\n<figure class=\"text-center object-fit--contain\"><img decoding=\"async\" class=\"aligncenter\" src=\"https:\/\/backend.intelbras.com\/sites\/default\/files\/styles\/large\/public\/2019-08\/FlyerDigital_EF_1201_%2B_01-19_04.jpg\" alt=\"FlyerDigital_EF_1201_+_01-19_04\" \/><\/figure>\n<\/div>\n<\/div>\n<div class=\"cell medium-auto\">\n<div class=\"block-mini-banner__content\">\n<div class=\"mt2 mb2 \">\n<h6 class=\"weight--small-300 weight--large-200 h3\" style=\"text-align: center;\">La p\u00e9rdida de voltaje ya no es un problema<\/h6>\n<\/div>\n<div class=\"text text--300\">\n<div class=\"block-template overflow-hidden\">\n<h6 style=\"text-align: center;\">Desarrollado para equipos instalados a mayores distancias, posee tensi\u00f3n de salida configurada en 12,8 Vdc, evitando problemas de p\u00e9rdida de tensi\u00f3n.<\/h6>\n<h6 style=\"text-align: center;\">\u00bb Fuente multiprop\u00f3sito para sistemas CCTV, redes, control de<br \/>\nacceso, automatizaci\u00f3n, iluminaci\u00f3n, entre otras aplicaciones 12 V<br \/>\n\u00bb Salida de 12,8 V para compensar la p\u00e9rdida de tensi\u00f3n del<br \/>\ncableado y distancias m\u00e1s largas<br \/>\n\u00bb Entrada 100~240 Vac (doble voltaje autom\u00e1tico) a 50\/60 Hz<br \/>\n\u00bb Ideal para instalaci\u00f3n en cajas de 4\u201dx2\u201d<br \/>\n\u00bb Alimenta hasta 4 c\u00e1maras HD\u00b9<br \/>\n\u00bb Material ign\u00edfugo<br \/>\n\u00bb Alimenta hasta 4 c\u00e1maras HD con un consumo m\u00e1ximo de 250 mA.<br \/>\n\u00bb Se recomienda utilizar cables de calidad y distancia de hasta 150 metros para cada c\u00e1mara.<\/h6>\n<\/div>\n<\/div>\n<\/div>\n<\/div>\n<\/div>\n<\/div>\n<\/div>\n<\/div>\n<\/div>\n<\/div>\n<\/div>\n<\/div>\n<\/div>\n<\/div>\n<\/div>\n<\/div>\n<\/div>\n<\/div>\n<\/div>\n<\/div>\n<\/div>\n<\/div>\n<\/div>\n<\/div>\n<\/div>\n<\/div>\n<\/div>\n<\/div>\n","protected":false},"excerpt":{"rendered":"<h4><span style=\"color: #008000;\">El EF 1201+ es una fuente de alimentaci\u00f3n de 12 V CA\/CC <\/span><span style=\"color: #008000;\">multiprop\u00f3sito, dise\u00f1ado para instalaci\u00f3n en cajas de 4\u201dx2\u201d e ideal <\/span><span style=\"color: #008000;\">para alimentar c\u00e1maras y sistemas de CCTV, tiras de iluminaci\u00f3n <\/span><span style=\"color: #008000;\">LED, sistemas de automatizaci\u00f3n y control de acceso, routers, <\/span><span style=\"color: #008000;\">entre otras aplicaciones con una corriente de hasta 1 A, puede alimenta hasta 4 c\u00e1maras HD. <\/span><\/h4>\n","protected":false},"featured_media":7354,"comment_status":"closed","ping_status":"closed","template":"","meta":{"site-sidebar-layout":"default","site-content-layout":"default","ast-site-content-layout":"default","site-content-style":"default","site-sidebar-style":"default","ast-global-header-display":"","ast-banner-title-visibility":"","ast-main-header-display":"","ast-hfb-above-header-display":"","ast-hfb-below-header-display":"","ast-hfb-mobile-header-display":"","site-post-title":"","ast-breadcrumbs-content":"","ast-featured-img":"","footer-sml-layout":"","theme-transparent-header-meta":"default","adv-header-id-meta":"","stick-header-meta":"","header-above-stick-meta":"","header-main-stick-meta":"","header-below-stick-meta":"","astra-migrate-meta-layouts":"set","ast-page-background-enabled":"default","ast-page-background-meta":{"desktop":{"background-color":"","background-image":"","background-repeat":"repeat","background-position":"center center","background-size":"auto","background-attachment":"scroll","background-type":"","background-media":"","overlay-type":"","overlay-color":"","overlay-opacity":"","overlay-gradient":""},"tablet":{"background-color":"","background-image":"","background-repeat":"repeat","background-position":"center center","background-size":"auto","background-attachment":"scroll","background-type":"","background-media":"","overlay-type":"","overlay-color":"","overlay-opacity":"","overlay-gradient":""},"mobile":{"background-color":"","background-image":"","background-repeat":"repeat","background-position":"center center","background-size":"auto","background-attachment":"scroll","background-type":"","background-media":"","overlay-type":"","overlay-color":"","overlay-opacity":"","overlay-gradient":""}},"ast-content-background-meta":{"desktop":{"background-color":"var(--ast-global-color-5)","background-image":"","background-repeat":"repeat","background-position":"center center","background-size":"auto","background-attachment":"scroll","background-type":"","background-media":"","overlay-type":"","overlay-color":"","overlay-opacity":"","overlay-gradient":""},"tablet":{"background-color":"var(--ast-global-color-5)","background-image":"","background-repeat":"repeat","background-position":"center center","background-size":"auto","background-attachment":"scroll","background-type":"","background-media":"","overlay-type":"","overlay-color":"","overlay-opacity":"","overlay-gradient":""},"mobile":{"background-color":"var(--ast-global-color-5)","background-image":"","background-repeat":"repeat","background-position":"center center","background-size":"auto","background-attachment":"scroll","background-type":"","background-media":"","overlay-type":"","overlay-color":"","overlay-opacity":"","overlay-gradient":""}}},"product_brand":[],"product_cat":[69,70,221,66,65,67,73,71,52],"product_tag":[],"class_list":{"0":"post-6756","1":"product","2":"type-product","3":"status-publish","4":"has-post-thumbnail","6":"product_cat-centrales-telefonicas","7":"product_cat-acceso-citofonia_y_acceso","8":"product_cat-iluminacion-fuentes-cerraduras","9":"product_cat-acceso","10":"product_cat-alambricasgranescala","11":"product_cat-inalambricas","12":"product_cat-videoporteria-ip","13":"product_cat-linea-allo","14":"product_cat-videoporteros_porteros","15":"desktop-align-left","16":"tablet-align-left","17":"mobile-align-left","19":"first","20":"instock","21":"taxable","22":"shipping-taxable","23":"purchasable","24":"product-type-simple"},"jetpack_sharing_enabled":true,"_links":{"self":[{"href":"https:\/\/www.creavaltec.com\/inicio\/wp-json\/wp\/v2\/product\/6756","targetHints":{"allow":["GET"]}}],"collection":[{"href":"https:\/\/www.creavaltec.com\/inicio\/wp-json\/wp\/v2\/product"}],"about":[{"href":"https:\/\/www.creavaltec.com\/inicio\/wp-json\/wp\/v2\/types\/product"}],"replies":[{"embeddable":true,"href":"https:\/\/www.creavaltec.com\/inicio\/wp-json\/wp\/v2\/comments?post=6756"}],"version-history":[{"count":3,"href":"https:\/\/www.creavaltec.com\/inicio\/wp-json\/wp\/v2\/product\/6756\/revisions"}],"predecessor-version":[{"id":7357,"href":"https:\/\/www.creavaltec.com\/inicio\/wp-json\/wp\/v2\/product\/6756\/revisions\/7357"}],"wp:featuredmedia":[{"embeddable":true,"href":"https:\/\/www.creavaltec.com\/inicio\/wp-json\/wp\/v2\/media\/7354"}],"wp:attachment":[{"href":"https:\/\/www.creavaltec.com\/inicio\/wp-json\/wp\/v2\/media?parent=6756"}],"wp:term":[{"taxonomy":"product_brand","embeddable":true,"href":"https:\/\/www.creavaltec.com\/inicio\/wp-json\/wp\/v2\/product_brand?post=6756"},{"taxonomy":"product_cat","embeddable":true,"href":"https:\/\/www.creavaltec.com\/inicio\/wp-json\/wp\/v2\/product_cat?post=6756"},{"taxonomy":"product_tag","embeddable":true,"href":"https:\/\/www.creavaltec.com\/inicio\/wp-json\/wp\/v2\/product_tag?post=6756"}],"curies":[{"name":"wp","href":"https:\/\/api.w.org\/{rel}","templated":true}]}}