{"id":5771,"date":"2022-08-16T10:18:08","date_gmt":"2022-08-16T15:18:08","guid":{"rendered":"https:\/\/www.creavaltec.com\/inicio\/?post_type=product&#038;p=5771"},"modified":"2026-03-31T11:05:43","modified_gmt":"2026-03-31T16:05:43","slug":"control-remoto-xac-8000-exp","status":"publish","type":"product","link":"https:\/\/www.creavaltec.com\/inicio\/tienda\/control-remoto-xac-8000-exp\/","title":{"rendered":"Control remoto XAC 8000 EXP"},"content":{"rendered":"<h6 style=\"text-align: center;\">El control remoto XAC 8000 es un accesorio que facilita la comunicaci\u00f3n entre el usuario y el panel de control. Con \u00e9l puede activar o desactivar c\u00f3modamente el interruptor. Dispone de tres teclas configurables con identificaci\u00f3n luminosa.<br \/>\nCon el panel de control AMT 8000, puede configurar hasta 98 \u200b\u200bcontroles XAC 8000.<\/h6>\n<p><img fetchpriority=\"high\" decoding=\"async\" class=\"size-medium wp-image-5774 aligncenter\" src=\"https:\/\/www.creavaltec.com\/inicio\/wp-content\/uploads\/2022\/08\/XAC-8000--300x300.png\" alt=\"\" width=\"300\" height=\"300\" srcset=\"https:\/\/www.creavaltec.com\/inicio\/wp-content\/uploads\/2022\/08\/XAC-8000--300x300.png 300w, https:\/\/www.creavaltec.com\/inicio\/wp-content\/uploads\/2022\/08\/XAC-8000--1024x1024.png 1024w, https:\/\/www.creavaltec.com\/inicio\/wp-content\/uploads\/2022\/08\/XAC-8000--150x150.png 150w, https:\/\/www.creavaltec.com\/inicio\/wp-content\/uploads\/2022\/08\/XAC-8000--768x768.png 768w, https:\/\/www.creavaltec.com\/inicio\/wp-content\/uploads\/2022\/08\/XAC-8000--570x570.png 570w, https:\/\/www.creavaltec.com\/inicio\/wp-content\/uploads\/2022\/08\/XAC-8000--100x100.png 100w, https:\/\/www.creavaltec.com\/inicio\/wp-content\/uploads\/2022\/08\/XAC-8000--64x64.png 64w, https:\/\/www.creavaltec.com\/inicio\/wp-content\/uploads\/2022\/08\/XAC-8000-.png 1080w\" sizes=\"(max-width: 300px) 100vw, 300px\" \/><\/p>\n<h6 style=\"text-align: center;\">Se pueden agregar hasta 98 controles XAC 8000 para cada panel de control\u00a0 Alarma AMT 8000.<\/h6>\n<h6 style=\"text-align: center;\">Dise\u00f1o diferenciado.<br \/>\nProtecci\u00f3n contra se\u00f1ales maletas intencional<br \/>\nCifrado en la transmisi\u00f3n de datos entre dispositivos.<\/h6>\n<h6 style=\"text-align: center;\">\u00a0LED de estado del disco.<br \/>\nBater\u00eda de larga duraci\u00f3n.<br \/>\nLuces antibloqueo.<br \/>\nActivaci\u00f3n de 3 llaves independientes<br \/>\nFrecuencia de funcionamiento Se\u00f1al RF de 915 a 928 MHz<br \/>\nModulaci\u00f3n BPSK 40 kbps<br \/>\nAlcance de transmisi\u00f3n 400 metros<br \/>\nCompatibilidad del panel de control de alarma AMT 8000<br \/>\nAnti-interferencias Contra se\u00f1ales intrusivas<\/h6>\n","protected":false},"excerpt":{"rendered":"<h4><span style=\"color: #008000;\">Control remoto XAC 8000 EXP<\/span><br \/>\n<span style=\"color: #008000;\">\u00bb Dise\u00f1o moderno y distintivo<\/span><br \/>\n<span style=\"color: #008000;\">\u00bb Protecci\u00f3n contra intrusi\u00f3n de se\u00f1al<\/span><br \/>\n<span style=\"color: #008000;\">\u00bb Cifrado en la transmisi\u00f3n de datos entre dispositivos<\/span><br \/>\n<span style=\"color: #008000;\">\u00bb Indicador LED de estado<\/span><br \/>\n<span style=\"color: #008000;\">\u00bb Llaves antibloqueo<\/span><\/h4>\n","protected":false},"featured_media":5774,"comment_status":"closed","ping_status":"closed","template":"","meta":{"site-sidebar-layout":"default","site-content-layout":"default","ast-site-content-layout":"default","site-content-style":"default","site-sidebar-style":"default","ast-global-header-display":"","ast-banner-title-visibility":"","ast-main-header-display":"","ast-hfb-above-header-display":"","ast-hfb-below-header-display":"","ast-hfb-mobile-header-display":"","site-post-title":"","ast-breadcrumbs-content":"","ast-featured-img":"","footer-sml-layout":"","theme-transparent-header-meta":"default","adv-header-id-meta":"","stick-header-meta":"","header-above-stick-meta":"","header-main-stick-meta":"","header-below-stick-meta":"","astra-migrate-meta-layouts":"set","ast-page-background-enabled":"default","ast-page-background-meta":{"desktop":{"background-color":"","background-image":"","background-repeat":"repeat","background-position":"center center","background-size":"auto","background-attachment":"scroll","background-type":"","background-media":"","overlay-type":"","overlay-color":"","overlay-opacity":"","overlay-gradient":""},"tablet":{"background-color":"","background-image":"","background-repeat":"repeat","background-position":"center center","background-size":"auto","background-attachment":"scroll","background-type":"","background-media":"","overlay-type":"","overlay-color":"","overlay-opacity":"","overlay-gradient":""},"mobile":{"background-color":"","background-image":"","background-repeat":"repeat","background-position":"center center","background-size":"auto","background-attachment":"scroll","background-type":"","background-media":"","overlay-type":"","overlay-color":"","overlay-opacity":"","overlay-gradient":""}},"ast-content-background-meta":{"desktop":{"background-color":"var(--ast-global-color-5)","background-image":"","background-repeat":"repeat","background-position":"center center","background-size":"auto","background-attachment":"scroll","background-type":"","background-media":"","overlay-type":"","overlay-color":"","overlay-opacity":"","overlay-gradient":""},"tablet":{"background-color":"var(--ast-global-color-5)","background-image":"","background-repeat":"repeat","background-position":"center center","background-size":"auto","background-attachment":"scroll","background-type":"","background-media":"","overlay-type":"","overlay-color":"","overlay-opacity":"","overlay-gradient":""},"mobile":{"background-color":"var(--ast-global-color-5)","background-image":"","background-repeat":"repeat","background-position":"center center","background-size":"auto","background-attachment":"scroll","background-type":"","background-media":"","overlay-type":"","overlay-color":"","overlay-opacity":"","overlay-gradient":""}}},"product_brand":[],"product_cat":[75],"product_tag":[],"class_list":{"0":"post-5771","1":"product","2":"type-product","3":"status-publish","4":"has-post-thumbnail","6":"product_cat-alarmas-y-cercos","7":"desktop-align-left","8":"tablet-align-left","9":"mobile-align-left","11":"first","12":"instock","13":"taxable","14":"shipping-taxable","15":"purchasable","16":"product-type-simple"},"jetpack_sharing_enabled":true,"_links":{"self":[{"href":"https:\/\/www.creavaltec.com\/inicio\/wp-json\/wp\/v2\/product\/5771","targetHints":{"allow":["GET"]}}],"collection":[{"href":"https:\/\/www.creavaltec.com\/inicio\/wp-json\/wp\/v2\/product"}],"about":[{"href":"https:\/\/www.creavaltec.com\/inicio\/wp-json\/wp\/v2\/types\/product"}],"replies":[{"embeddable":true,"href":"https:\/\/www.creavaltec.com\/inicio\/wp-json\/wp\/v2\/comments?post=5771"}],"version-history":[{"count":5,"href":"https:\/\/www.creavaltec.com\/inicio\/wp-json\/wp\/v2\/product\/5771\/revisions"}],"predecessor-version":[{"id":7437,"href":"https:\/\/www.creavaltec.com\/inicio\/wp-json\/wp\/v2\/product\/5771\/revisions\/7437"}],"wp:featuredmedia":[{"embeddable":true,"href":"https:\/\/www.creavaltec.com\/inicio\/wp-json\/wp\/v2\/media\/5774"}],"wp:attachment":[{"href":"https:\/\/www.creavaltec.com\/inicio\/wp-json\/wp\/v2\/media?parent=5771"}],"wp:term":[{"taxonomy":"product_brand","embeddable":true,"href":"https:\/\/www.creavaltec.com\/inicio\/wp-json\/wp\/v2\/product_brand?post=5771"},{"taxonomy":"product_cat","embeddable":true,"href":"https:\/\/www.creavaltec.com\/inicio\/wp-json\/wp\/v2\/product_cat?post=5771"},{"taxonomy":"product_tag","embeddable":true,"href":"https:\/\/www.creavaltec.com\/inicio\/wp-json\/wp\/v2\/product_tag?post=5771"}],"curies":[{"name":"wp","href":"https:\/\/api.w.org\/{rel}","templated":true}]}}