{"id":5420,"date":"2022-06-09T16:28:26","date_gmt":"2022-06-09T21:28:26","guid":{"rendered":"https:\/\/www.creavaltec.com\/inicio\/?post_type=product&#038;p=5420"},"modified":"2025-12-08T13:24:18","modified_gmt":"2025-12-08T18:24:18","slug":"modulo-ethernet-xe-4000-smart","status":"publish","type":"product","link":"https:\/\/www.creavaltec.com\/inicio\/tienda\/modulo-ethernet-xe-4000-smart\/","title":{"rendered":"M\u00f3dulo Ethernet XE 4000 SMART"},"content":{"rendered":"<h6 style=\"text-align: center\">El m\u00f3dulo XE 4000 SMART es la opci\u00f3n de comunicaci\u00f3n simplificada, ideal para el usuario del Sistema SMART que utiliza apenas ethernet.<\/h6>\n<h6 style=\"text-align: center\">Este producto es compatible con los paneles AMT 4010 SMART y AMT 4010 SMART NET<\/h6>\n<p><img fetchpriority=\"high\" decoding=\"async\" class=\"aligncenter\" src=\"https:\/\/backend.intelbras.com\/sites\/default\/files\/integration\/xe-4000-smart_0.jpg\" alt=\"XE 4000 INTELIGENTE\" width=\"461\" height=\"461\" \/><\/p>\n<h6 style=\"text-align: center\">Funci\u00f3n bootloader<\/h6>\n<h6 style=\"text-align: center\">Comunicaci\u00f3n 10Mbps<\/h6>\n<h6 style=\"text-align: center\">Funci\u00f3n DHCP<\/h6>\n<h6 style=\"text-align: center\">Reporta evento para 2 destinos IP (empresas de monitoreo)<\/h6>\n<h6 style=\"text-align: center\">Permite conexiones con destinos DNS<\/h6>\n<h6 style=\"text-align: center\">Opera con IP destino fijo o din\u00e1mico.<\/h6>\n<h6 style=\"text-align: center\">Permite configurar el sistema remotamente v\u00eda TCP\/IP \u00a0a trav\u00e9s de software AMT Remoto junto al software Receptor IP.<\/h6>\n","protected":false},"excerpt":{"rendered":"<h5 class=\"mb2 h2 large-h3\"><span style=\"color: #008000\"><em><strong><span style=\"font-size: 16px\">El m\u00f3dulo XE 4000 SMART es la opci\u00f3n de comunicaci\u00f3n simplificada, ideal para el usuario del sistema SMART que usa solo Ethernet.<\/span><\/strong><\/em><\/span><\/h5>\n<h5><span style=\"color: #008000\"><em><strong>M\u00f3dulo de comunicaci\u00f3n Ethernet<\/strong><\/em><\/span><br \/>\n<span style=\"color: #008000\"><em><strong>Comunicaci\u00f3n TCP\/IP<\/strong><\/em><\/span><br \/>\n<span style=\"color: #008000\"><em><strong>Funci\u00f3n DHCP<\/strong><\/em><\/span><br \/>\n<span style=\"color: #008000\"><em><strong>Utiliza RJ45 para la comunicaci\u00f3n por cable de red<\/strong><\/em><\/span><\/h5>\n<p>&nbsp;<\/p>\n","protected":false},"featured_media":5475,"comment_status":"closed","ping_status":"closed","template":"","meta":{"site-sidebar-layout":"default","site-content-layout":"default","ast-site-content-layout":"default","site-content-style":"default","site-sidebar-style":"default","ast-global-header-display":"","ast-banner-title-visibility":"","ast-main-header-display":"","ast-hfb-above-header-display":"","ast-hfb-below-header-display":"","ast-hfb-mobile-header-display":"","site-post-title":"","ast-breadcrumbs-content":"","ast-featured-img":"","footer-sml-layout":"","theme-transparent-header-meta":"default","adv-header-id-meta":"","stick-header-meta":"","header-above-stick-meta":"","header-main-stick-meta":"","header-below-stick-meta":"","astra-migrate-meta-layouts":"set","ast-page-background-enabled":"default","ast-page-background-meta":{"desktop":{"background-color":"","background-image":"","background-repeat":"repeat","background-position":"center center","background-size":"auto","background-attachment":"scroll","background-type":"","background-media":"","overlay-type":"","overlay-color":"","overlay-opacity":"","overlay-gradient":""},"tablet":{"background-color":"","background-image":"","background-repeat":"repeat","background-position":"center center","background-size":"auto","background-attachment":"scroll","background-type":"","background-media":"","overlay-type":"","overlay-color":"","overlay-opacity":"","overlay-gradient":""},"mobile":{"background-color":"","background-image":"","background-repeat":"repeat","background-position":"center center","background-size":"auto","background-attachment":"scroll","background-type":"","background-media":"","overlay-type":"","overlay-color":"","overlay-opacity":"","overlay-gradient":""}},"ast-content-background-meta":{"desktop":{"background-color":"var(--ast-global-color-5)","background-image":"","background-repeat":"repeat","background-position":"center center","background-size":"auto","background-attachment":"scroll","background-type":"","background-media":"","overlay-type":"","overlay-color":"","overlay-opacity":"","overlay-gradient":""},"tablet":{"background-color":"var(--ast-global-color-5)","background-image":"","background-repeat":"repeat","background-position":"center center","background-size":"auto","background-attachment":"scroll","background-type":"","background-media":"","overlay-type":"","overlay-color":"","overlay-opacity":"","overlay-gradient":""},"mobile":{"background-color":"var(--ast-global-color-5)","background-image":"","background-repeat":"repeat","background-position":"center center","background-size":"auto","background-attachment":"scroll","background-type":"","background-media":"","overlay-type":"","overlay-color":"","overlay-opacity":"","overlay-gradient":""}}},"product_brand":[],"product_cat":[75],"product_tag":[],"class_list":{"0":"post-5420","1":"product","2":"type-product","3":"status-publish","4":"has-post-thumbnail","6":"product_cat-alarmas-y-cercos","7":"desktop-align-left","8":"tablet-align-left","9":"mobile-align-left","11":"first","12":"instock","13":"taxable","14":"shipping-taxable","15":"purchasable","16":"product-type-simple"},"jetpack_sharing_enabled":true,"_links":{"self":[{"href":"https:\/\/www.creavaltec.com\/inicio\/wp-json\/wp\/v2\/product\/5420","targetHints":{"allow":["GET"]}}],"collection":[{"href":"https:\/\/www.creavaltec.com\/inicio\/wp-json\/wp\/v2\/product"}],"about":[{"href":"https:\/\/www.creavaltec.com\/inicio\/wp-json\/wp\/v2\/types\/product"}],"replies":[{"embeddable":true,"href":"https:\/\/www.creavaltec.com\/inicio\/wp-json\/wp\/v2\/comments?post=5420"}],"version-history":[{"count":6,"href":"https:\/\/www.creavaltec.com\/inicio\/wp-json\/wp\/v2\/product\/5420\/revisions"}],"predecessor-version":[{"id":13067,"href":"https:\/\/www.creavaltec.com\/inicio\/wp-json\/wp\/v2\/product\/5420\/revisions\/13067"}],"wp:featuredmedia":[{"embeddable":true,"href":"https:\/\/www.creavaltec.com\/inicio\/wp-json\/wp\/v2\/media\/5475"}],"wp:attachment":[{"href":"https:\/\/www.creavaltec.com\/inicio\/wp-json\/wp\/v2\/media?parent=5420"}],"wp:term":[{"taxonomy":"product_brand","embeddable":true,"href":"https:\/\/www.creavaltec.com\/inicio\/wp-json\/wp\/v2\/product_brand?post=5420"},{"taxonomy":"product_cat","embeddable":true,"href":"https:\/\/www.creavaltec.com\/inicio\/wp-json\/wp\/v2\/product_cat?post=5420"},{"taxonomy":"product_tag","embeddable":true,"href":"https:\/\/www.creavaltec.com\/inicio\/wp-json\/wp\/v2\/product_tag?post=5420"}],"curies":[{"name":"wp","href":"https:\/\/api.w.org\/{rel}","templated":true}]}}