{"id":4665,"date":"2022-03-03T09:22:04","date_gmt":"2022-03-03T14:22:04","guid":{"rendered":"https:\/\/www.creavaltec.com\/inicio\/?post_type=product&#038;p=4665"},"modified":"2026-04-23T09:47:55","modified_gmt":"2026-04-23T14:47:55","slug":"controlador-de-acceso-sa211-mf-1356mhz","status":"publish","type":"product","link":"https:\/\/www.creavaltec.com\/inicio\/tienda\/controlador-de-acceso-sa211-mf-1356mhz\/","title":{"rendered":"Controlador de acceso SA211 MF &#8211; 13.56MHz RFID"},"content":{"rendered":"<div class=\"mt2 mb2 \">\n<div class=\"grid-container \">\n<div class=\"block-mini-banner\" data-ga-name=\"section-mini-banner\">\n<div class=\"grid-x grid-margin-x align-middle\">\n<div class=\"cell medium-auto medium-order-1\">\n<div class=\"block-mini-banner__content\">\n<div class=\"grid-container \">\n<div class=\"mt2 mb2 \">\n<div class=\"grid-container \">\n<div class=\"block-template overflow-hidden\">\n<div class=\"field field-name-field-description field-type-text-with-summary field-label-hidden wysiwyg_filtered\">\n<div class=\"field-items\">\n<div class=\"field-item even\">\n<div class=\"z-index-4 internal-fixed-navigation\">\n<div class=\"grid-container \">\n<div class=\"navigation-sticky\">\n<div class=\"grid-x align-middle\">\n<div class=\"cell large-shrink navigation__cell-second\">\n<h6 class=\"navigation__cell-second-container\" style=\"text-align: center\">El controlador de acceso Intelbras SA 211 MF es ideal para quien busca una soluci\u00f3n eficaz para controlar la entrada y salida de personas en ambientes peque\u00f1os y medianos.\u00a0Es un producto de seguridad complementario, que aporta m\u00e1s practicidad y tranquilidad a los usuarios.<\/h6>\n<p><img decoding=\"async\" class=\"media-element file-default aligncenter\" title=\"Flyer_digital_SA-211_MF_03\" src=\"http:\/\/suporte-tecnico.intelbras.com.br\/sites\/default\/files\/flyer_digital_sa-211_mf_03.png\" alt=\"Flyer_digital_SA-211_MF_03\" \/><\/p>\n<p><img decoding=\"async\" class=\"media-element file-default aligncenter\" title=\"SA 211 MF\" src=\"http:\/\/suporte-tecnico.intelbras.com.br\/sites\/default\/files\/flyer_digital_sa-211_04_0.png\" alt=\"SA 211 MF\" \/><\/p>\n<h6 style=\"text-align: center\">Controla hasta 1.000 usuarios<\/h6>\n<h6 style=\"text-align: center\">Es ideal para lugares de peque\u00f1a y mediana circulaci\u00f3n, como gimnasios, cl\u00ednicas, colegios, condominios, unidades de salud, entre otros.<\/h6>\n<p><img decoding=\"async\" class=\"media-element file-default aligncenter\" title=\"Flyer_digital_SA-211_MF_07\" src=\"http:\/\/suporte-tecnico.intelbras.com.br\/sites\/default\/files\/flyer_digital_sa-211_mf_07.png\" alt=\"Flyer_digital_SA-211_MF_07\" \/><\/p>\n<h6 style=\"text-align: center\">Teclado touch screen<\/h6>\n<h6 style=\"text-align: center\">M\u00e1s tecnolog\u00eda y seguridad de acceso.<\/h6>\n<p><img decoding=\"async\" class=\"media-element file-default aligncenter\" title=\"Flyer_digital_SA-211_MF_11\" src=\"http:\/\/suporte-tecnico.intelbras.com.br\/sites\/default\/files\/flyer_digital_sa-211_mf_11.png\" alt=\"Flyer_digital_SA-211_MF_11\" \/><\/p>\n<h6 style=\"text-align: center\">Dos opciones de acceso<\/h6>\n<h6 style=\"text-align: center\">El acceso se puede realizar mediante contrase\u00f1a o proximidad (RFID 13,56 MHz).<\/h6>\n<p><img decoding=\"async\" class=\"media-element file-default aligncenter\" title=\"Flyer_digital_SA-211_MF_15\" src=\"http:\/\/suporte-tecnico.intelbras.com.br\/sites\/default\/files\/flyer_digital_sa-211_mf_15.png\" alt=\"Flyer_digital_SA-211_MF_15\" \/><\/p>\n<h6 style=\"text-align: center\">Funciones especiales<\/h6>\n<h6 style=\"text-align: center\">Tiene funci\u00f3n de timbre y se\u00f1alizaci\u00f3n audiovisual.<\/h6>\n<h6><img decoding=\"async\" class=\"media-element file-default aligncenter\" title=\"Flyer_digital_SA-211_MF_18\" src=\"http:\/\/suporte-tecnico.intelbras.com.br\/sites\/default\/files\/flyer_digital_sa-211_mf_18.png\" alt=\"Flyer_digital_SA-211_MF_18\" \/><\/h6>\n<h6 style=\"text-align: center\">Lector auxiliar<\/h6>\n<h6 style=\"text-align: center\">El controlador SA 211 MF se puede instalar como lector auxiliar.<\/h6>\n<p><img decoding=\"async\" class=\"media-element file-default aligncenter\" title=\"Flyer_digital_SA-211_MF_21\" src=\"http:\/\/suporte-tecnico.intelbras.com.br\/sites\/default\/files\/flyer_digital_sa-211_mf_21.png\" alt=\"Flyer_digital_SA-211_MF_21\" \/><\/p>\n<h6 style=\"text-align: center\">M\u00e1s resistente<\/h6>\n<h6 style=\"text-align: center\">Fabricado con un mueble met\u00e1lico, lo que garantiza mucha m\u00e1s resistencia.<\/h6>\n<h2><img decoding=\"async\" class=\"media-element file-default aligncenter\" title=\"Flyer_digital_SA-211_MF_25\" src=\"http:\/\/suporte-tecnico.intelbras.com.br\/sites\/default\/files\/flyer_digital_sa-211_mf_25.png\" alt=\"Flyer_digital_SA-211_MF_25\" \/><\/h2>\n<h6 style=\"text-align: center\">Compatibilidad<\/h6>\n<h6 style=\"text-align: center\">Compatible con electroim\u00e1n, cerraduras electromec\u00e1nicas y operadores de portones.<\/h6>\n<p><img decoding=\"async\" class=\"media-element file-default aligncenter\" title=\"SA 211 MF\" src=\"http:\/\/suporte-tecnico.intelbras.com.br\/sites\/default\/files\/flyer_digital_sa-211_20_0.png\" alt=\"SA 211 MF\" \/><\/p>\n<p>&nbsp;<\/p>\n<\/div>\n<\/div>\n<\/div>\n<\/div>\n<\/div>\n<\/div>\n<\/div>\n<\/div>\n<\/div>\n<\/div>\n<\/div>\n<\/div>\n<\/div>\n<\/div>\n<\/div>\n<\/div>\n<\/div>\n<\/div>\n","protected":false},"excerpt":{"rendered":"<h5><em><strong><span style=\"color: #008000\">El controlador de acceso es ideal para entornos peque\u00f1os y medianos trabaja en modo STAND ALONE y es de muy f\u00e1cil programaci\u00f3n. Con protecci\u00f3n IP66 puedes instarlo en ambientes externos. C<\/span><span style=\"color: #008000\">ontrola hasta 1.000 usuarios, teclado touch screen, lector RFID 13,56 MHz. Incluye 5 llaveros RFID.<\/span><\/strong><\/em><\/h5>\n","protected":false},"featured_media":7822,"comment_status":"closed","ping_status":"closed","template":"","meta":{"site-sidebar-layout":"default","site-content-layout":"default","ast-site-content-layout":"default","site-content-style":"default","site-sidebar-style":"default","ast-global-header-display":"","ast-banner-title-visibility":"","ast-main-header-display":"","ast-hfb-above-header-display":"","ast-hfb-below-header-display":"","ast-hfb-mobile-header-display":"","site-post-title":"","ast-breadcrumbs-content":"","ast-featured-img":"","footer-sml-layout":"","theme-transparent-header-meta":"default","adv-header-id-meta":"","stick-header-meta":"","header-above-stick-meta":"","header-main-stick-meta":"","header-below-stick-meta":"","astra-migrate-meta-layouts":"set","ast-page-background-enabled":"default","ast-page-background-meta":{"desktop":{"background-color":"","background-image":"","background-repeat":"repeat","background-position":"center center","background-size":"auto","background-attachment":"scroll","background-type":"","background-media":"","overlay-type":"","overlay-color":"","overlay-opacity":"","overlay-gradient":""},"tablet":{"background-color":"","background-image":"","background-repeat":"repeat","background-position":"center center","background-size":"auto","background-attachment":"scroll","background-type":"","background-media":"","overlay-type":"","overlay-color":"","overlay-opacity":"","overlay-gradient":""},"mobile":{"background-color":"","background-image":"","background-repeat":"repeat","background-position":"center center","background-size":"auto","background-attachment":"scroll","background-type":"","background-media":"","overlay-type":"","overlay-color":"","overlay-opacity":"","overlay-gradient":""}},"ast-content-background-meta":{"desktop":{"background-color":"var(--ast-global-color-5)","background-image":"","background-repeat":"repeat","background-position":"center center","background-size":"auto","background-attachment":"scroll","background-type":"","background-media":"","overlay-type":"","overlay-color":"","overlay-opacity":"","overlay-gradient":""},"tablet":{"background-color":"var(--ast-global-color-5)","background-image":"","background-repeat":"repeat","background-position":"center center","background-size":"auto","background-attachment":"scroll","background-type":"","background-media":"","overlay-type":"","overlay-color":"","overlay-opacity":"","overlay-gradient":""},"mobile":{"background-color":"var(--ast-global-color-5)","background-image":"","background-repeat":"repeat","background-position":"center center","background-size":"auto","background-attachment":"scroll","background-type":"","background-media":"","overlay-type":"","overlay-color":"","overlay-opacity":"","overlay-gradient":""}}},"product_brand":[],"product_cat":[69,70,66,65,67,73,71],"product_tag":[],"class_list":{"0":"post-4665","1":"product","2":"type-product","3":"status-publish","4":"has-post-thumbnail","6":"product_cat-centrales-telefonicas","7":"product_cat-acceso-citofonia_y_acceso","8":"product_cat-acceso","9":"product_cat-alambricasgranescala","10":"product_cat-inalambricas","11":"product_cat-videoporteria-ip","12":"product_cat-linea-allo","13":"desktop-align-left","14":"tablet-align-left","15":"mobile-align-left","17":"first","18":"instock","19":"taxable","20":"shipping-taxable","21":"purchasable","22":"product-type-simple"},"jetpack_sharing_enabled":true,"_links":{"self":[{"href":"https:\/\/www.creavaltec.com\/inicio\/wp-json\/wp\/v2\/product\/4665","targetHints":{"allow":["GET"]}}],"collection":[{"href":"https:\/\/www.creavaltec.com\/inicio\/wp-json\/wp\/v2\/product"}],"about":[{"href":"https:\/\/www.creavaltec.com\/inicio\/wp-json\/wp\/v2\/types\/product"}],"replies":[{"embeddable":true,"href":"https:\/\/www.creavaltec.com\/inicio\/wp-json\/wp\/v2\/comments?post=4665"}],"version-history":[{"count":8,"href":"https:\/\/www.creavaltec.com\/inicio\/wp-json\/wp\/v2\/product\/4665\/revisions"}],"predecessor-version":[{"id":13743,"href":"https:\/\/www.creavaltec.com\/inicio\/wp-json\/wp\/v2\/product\/4665\/revisions\/13743"}],"wp:featuredmedia":[{"embeddable":true,"href":"https:\/\/www.creavaltec.com\/inicio\/wp-json\/wp\/v2\/media\/7822"}],"wp:attachment":[{"href":"https:\/\/www.creavaltec.com\/inicio\/wp-json\/wp\/v2\/media?parent=4665"}],"wp:term":[{"taxonomy":"product_brand","embeddable":true,"href":"https:\/\/www.creavaltec.com\/inicio\/wp-json\/wp\/v2\/product_brand?post=4665"},{"taxonomy":"product_cat","embeddable":true,"href":"https:\/\/www.creavaltec.com\/inicio\/wp-json\/wp\/v2\/product_cat?post=4665"},{"taxonomy":"product_tag","embeddable":true,"href":"https:\/\/www.creavaltec.com\/inicio\/wp-json\/wp\/v2\/product_tag?post=4665"}],"curies":[{"name":"wp","href":"https:\/\/api.w.org\/{rel}","templated":true}]}}