{"id":3543,"date":"2021-03-15T09:51:29","date_gmt":"2021-03-15T14:51:29","guid":{"rendered":"https:\/\/www.creavaltec.com\/inicio\/?post_type=product&#038;p=3543"},"modified":"2025-09-12T15:02:48","modified_gmt":"2025-09-12T20:02:48","slug":"telefono-inalambrico-ts-2312","status":"publish","type":"product","link":"https:\/\/www.creavaltec.com\/inicio\/tienda\/telefono-inalambrico-ts-2312\/","title":{"rendered":"Tel\u00e9fono inal\u00e1mbrico TS 2312"},"content":{"rendered":"<h4 style=\"text-align: center;\">Identificaci\u00f3n de llamadas<br \/>\nIdentifique el n\u00famero de qui\u00e9n est\u00e1 llamando y elija cu\u00e1les llamadas atender. Adem\u00e1s, acceda r\u00e1pidamente a los \u00faltimos n\u00fameros, atendidos o no, almacenados en el equipo con la fecha y hora de la llamada.<\/h4>\n<p><img fetchpriority=\"high\" decoding=\"async\" class=\"attachment-266x266 size-266x266 aligncenter\" src=\"https:\/\/www.creavaltec.com\/inicio\/wp-content\/uploads\/2021\/03\/TS2312-frontal-300x300.png\" sizes=\"(max-width: 266px) 100vw, 266px\" srcset=\"https:\/\/www.creavaltec.com\/inicio\/wp-content\/uploads\/2021\/03\/TS2312-frontal-300x300.png 300w, https:\/\/www.creavaltec.com\/inicio\/wp-content\/uploads\/2021\/03\/TS2312-frontal-1024x1024.png 1024w, https:\/\/www.creavaltec.com\/inicio\/wp-content\/uploads\/2021\/03\/TS2312-frontal-150x150.png 150w, https:\/\/www.creavaltec.com\/inicio\/wp-content\/uploads\/2021\/03\/TS2312-frontal-768x768.png 768w, https:\/\/www.creavaltec.com\/inicio\/wp-content\/uploads\/2021\/03\/TS2312-frontal-570x570.png 570w, https:\/\/www.creavaltec.com\/inicio\/wp-content\/uploads\/2021\/03\/TS2312-frontal-100x100.png 100w, https:\/\/www.creavaltec.com\/inicio\/wp-content\/uploads\/2021\/03\/TS2312-frontal-64x64.png 64w, https:\/\/www.creavaltec.com\/inicio\/wp-content\/uploads\/2021\/03\/TS2312-frontal.png 1080w\" alt=\"\" width=\"266\" height=\"266\" \/><\/p>\n<h4 style=\"text-align: center;\">Agenda para 50 contactos<\/h4>\n<h6 style=\"text-align: center;\">Almacene sus contactos directamente en el equipo y evite preocupaciones a la hora de realizar una llamada.<\/h6>\n<p><img decoding=\"async\" class=\"size-medium wp-image-3096 aligncenter\" src=\"https:\/\/www.creavaltec.com\/inicio\/wp-content\/uploads\/2020\/09\/TS2310-prespectiva-300x300.png\" alt=\"\" width=\"300\" height=\"300\" srcset=\"https:\/\/www.creavaltec.com\/inicio\/wp-content\/uploads\/2020\/09\/TS2310-prespectiva-300x300.png 300w, https:\/\/www.creavaltec.com\/inicio\/wp-content\/uploads\/2020\/09\/TS2310-prespectiva-100x100.png 100w, https:\/\/www.creavaltec.com\/inicio\/wp-content\/uploads\/2020\/09\/TS2310-prespectiva-570x570.png 570w, https:\/\/www.creavaltec.com\/inicio\/wp-content\/uploads\/2020\/09\/TS2310-prespectiva-1024x1024.png 1024w, https:\/\/www.creavaltec.com\/inicio\/wp-content\/uploads\/2020\/09\/TS2310-prespectiva-150x150.png 150w, https:\/\/www.creavaltec.com\/inicio\/wp-content\/uploads\/2020\/09\/TS2310-prespectiva-768x768.png 768w, https:\/\/www.creavaltec.com\/inicio\/wp-content\/uploads\/2020\/09\/TS2310-prespectiva.png 1080w\" sizes=\"(max-width: 300px) 100vw, 300px\" \/><\/p>\n<h4 style=\"text-align: center;\">Extensiones<\/h4>\n<h6 style=\"text-align: center;\">Registre hasta 4 extensiones adicionales a la base principal y tenga acceso a funciones como comunicaci\u00f3n interna, transferencia de llamadas, conferencia tripartita y agenda compartida.<\/h6>\n<p><img decoding=\"async\" class=\"size-medium wp-image-3099 aligncenter\" src=\"https:\/\/www.creavaltec.com\/inicio\/wp-content\/uploads\/2020\/09\/TS2310-lateral-300x300.png\" alt=\"\" width=\"300\" height=\"300\" srcset=\"https:\/\/www.creavaltec.com\/inicio\/wp-content\/uploads\/2020\/09\/TS2310-lateral-300x300.png 300w, https:\/\/www.creavaltec.com\/inicio\/wp-content\/uploads\/2020\/09\/TS2310-lateral-100x100.png 100w, https:\/\/www.creavaltec.com\/inicio\/wp-content\/uploads\/2020\/09\/TS2310-lateral-570x570.png 570w, https:\/\/www.creavaltec.com\/inicio\/wp-content\/uploads\/2020\/09\/TS2310-lateral-1024x1024.png 1024w, https:\/\/www.creavaltec.com\/inicio\/wp-content\/uploads\/2020\/09\/TS2310-lateral-150x150.png 150w, https:\/\/www.creavaltec.com\/inicio\/wp-content\/uploads\/2020\/09\/TS2310-lateral-768x768.png 768w, https:\/\/www.creavaltec.com\/inicio\/wp-content\/uploads\/2020\/09\/TS2310-lateral.png 1080w\" sizes=\"(max-width: 300px) 100vw, 300px\" \/><\/p>\n<h4 style=\"text-align: center;\">Eco mode<\/h4>\n<h6 style=\"text-align: center;\">Con la funci\u00f3n de consumo inteligente de energ\u00eda, cuanto menor sea la distancia entre el tel\u00e9fono y la base, mayor es el ahorro de energ\u00eda,<\/h6>\n<h6><\/h6>\n<p><img loading=\"lazy\" decoding=\"async\" class=\"size-medium wp-image-3097 aligncenter\" src=\"https:\/\/www.creavaltec.com\/inicio\/wp-content\/uploads\/2020\/09\/TS2310-base-300x300.png\" alt=\"\" width=\"300\" height=\"300\" srcset=\"https:\/\/www.creavaltec.com\/inicio\/wp-content\/uploads\/2020\/09\/TS2310-base-300x300.png 300w, https:\/\/www.creavaltec.com\/inicio\/wp-content\/uploads\/2020\/09\/TS2310-base-100x100.png 100w, https:\/\/www.creavaltec.com\/inicio\/wp-content\/uploads\/2020\/09\/TS2310-base-570x570.png 570w, https:\/\/www.creavaltec.com\/inicio\/wp-content\/uploads\/2020\/09\/TS2310-base-1024x1024.png 1024w, https:\/\/www.creavaltec.com\/inicio\/wp-content\/uploads\/2020\/09\/TS2310-base-150x150.png 150w, https:\/\/www.creavaltec.com\/inicio\/wp-content\/uploads\/2020\/09\/TS2310-base-768x768.png 768w, https:\/\/www.creavaltec.com\/inicio\/wp-content\/uploads\/2020\/09\/TS2310-base.png 1080w\" sizes=\"(max-width: 300px) 100vw, 300px\" \/><\/p>\n<h6 style=\"text-align: center;\">\u00bb Identificaci\u00f3n de llamadas<br \/>\n\u00bb Capacidad para hasta 5 extensiones (tel\u00e9fono base + 4 extensiones)<br \/>\n\u00bb Agenda para 50 contactos<br \/>\n\u00bb Registro de 40 llamadas recibidas y 40 originadas<br \/>\n\u00bb 5 tipos de timbre<br \/>\n\u00bb Fecha, hora y alarma<br \/>\n\u00bb Comunicaci\u00f3n interna, conferencia tripartita y transferencia de llamadas<\/h6>\n<p>&nbsp;<\/p>\n<p>&nbsp;<\/p>\n","protected":false},"excerpt":{"rendered":"<h5 id=\"title\" class=\"a-size-large a-spacing-none\"><span id=\"productTitle\" class=\"a-size-large product-title-word-break\" style=\"color: #339966;\">Tel\u00e9fono Inal\u00e1mbrico, Agenda para 50 Contactos, Color Negro<\/span><\/h5>\n","protected":false},"featured_media":3548,"comment_status":"closed","ping_status":"closed","template":"","meta":{"site-sidebar-layout":"default","site-content-layout":"default","ast-site-content-layout":"","site-content-style":"default","site-sidebar-style":"default","ast-global-header-display":"","ast-banner-title-visibility":"","ast-main-header-display":"","ast-hfb-above-header-display":"","ast-hfb-below-header-display":"","ast-hfb-mobile-header-display":"","site-post-title":"","ast-breadcrumbs-content":"","ast-featured-img":"","footer-sml-layout":"","theme-transparent-header-meta":"default","adv-header-id-meta":"","stick-header-meta":"","header-above-stick-meta":"","header-main-stick-meta":"","header-below-stick-meta":"","astra-migrate-meta-layouts":"default","ast-page-background-enabled":"default","ast-page-background-meta":{"desktop":{"background-color":"","background-image":"","background-repeat":"repeat","background-position":"center center","background-size":"auto","background-attachment":"scroll","background-type":"","background-media":"","overlay-type":"","overlay-color":"","overlay-opacity":"","overlay-gradient":""},"tablet":{"background-color":"","background-image":"","background-repeat":"repeat","background-position":"center center","background-size":"auto","background-attachment":"scroll","background-type":"","background-media":"","overlay-type":"","overlay-color":"","overlay-opacity":"","overlay-gradient":""},"mobile":{"background-color":"","background-image":"","background-repeat":"repeat","background-position":"center center","background-size":"auto","background-attachment":"scroll","background-type":"","background-media":"","overlay-type":"","overlay-color":"","overlay-opacity":"","overlay-gradient":""}},"ast-content-background-meta":{"desktop":{"background-color":"var(--ast-global-color-5)","background-image":"","background-repeat":"repeat","background-position":"center center","background-size":"auto","background-attachment":"scroll","background-type":"","background-media":"","overlay-type":"","overlay-color":"","overlay-opacity":"","overlay-gradient":""},"tablet":{"background-color":"var(--ast-global-color-5)","background-image":"","background-repeat":"repeat","background-position":"center center","background-size":"auto","background-attachment":"scroll","background-type":"","background-media":"","overlay-type":"","overlay-color":"","overlay-opacity":"","overlay-gradient":""},"mobile":{"background-color":"var(--ast-global-color-5)","background-image":"","background-repeat":"repeat","background-position":"center center","background-size":"auto","background-attachment":"scroll","background-type":"","background-media":"","overlay-type":"","overlay-color":"","overlay-opacity":"","overlay-gradient":""}}},"product_brand":[],"product_cat":[69,51,43],"product_tag":[],"class_list":{"0":"post-3543","1":"product","2":"type-product","3":"status-publish","4":"has-post-thumbnail","6":"product_cat-centrales-telefonicas","7":"product_cat-comunicacion-empresarial","8":"product_cat-comunicacion-hogar","9":"desktop-align-left","10":"tablet-align-left","11":"mobile-align-left","13":"first","14":"instock","15":"sale","16":"taxable","17":"shipping-taxable","18":"purchasable","19":"product-type-simple"},"jetpack_sharing_enabled":true,"_links":{"self":[{"href":"https:\/\/www.creavaltec.com\/inicio\/wp-json\/wp\/v2\/product\/3543","targetHints":{"allow":["GET"]}}],"collection":[{"href":"https:\/\/www.creavaltec.com\/inicio\/wp-json\/wp\/v2\/product"}],"about":[{"href":"https:\/\/www.creavaltec.com\/inicio\/wp-json\/wp\/v2\/types\/product"}],"replies":[{"embeddable":true,"href":"https:\/\/www.creavaltec.com\/inicio\/wp-json\/wp\/v2\/comments?post=3543"}],"version-history":[{"count":2,"href":"https:\/\/www.creavaltec.com\/inicio\/wp-json\/wp\/v2\/product\/3543\/revisions"}],"predecessor-version":[{"id":3552,"href":"https:\/\/www.creavaltec.com\/inicio\/wp-json\/wp\/v2\/product\/3543\/revisions\/3552"}],"wp:featuredmedia":[{"embeddable":true,"href":"https:\/\/www.creavaltec.com\/inicio\/wp-json\/wp\/v2\/media\/3548"}],"wp:attachment":[{"href":"https:\/\/www.creavaltec.com\/inicio\/wp-json\/wp\/v2\/media?parent=3543"}],"wp:term":[{"taxonomy":"product_brand","embeddable":true,"href":"https:\/\/www.creavaltec.com\/inicio\/wp-json\/wp\/v2\/product_brand?post=3543"},{"taxonomy":"product_cat","embeddable":true,"href":"https:\/\/www.creavaltec.com\/inicio\/wp-json\/wp\/v2\/product_cat?post=3543"},{"taxonomy":"product_tag","embeddable":true,"href":"https:\/\/www.creavaltec.com\/inicio\/wp-json\/wp\/v2\/product_tag?post=3543"}],"curies":[{"name":"wp","href":"https:\/\/api.w.org\/{rel}","templated":true}]}}